e the remainder when (c/4 + 1)*-8 is divided by q.
1
Suppose 5*p = -0*p + 630. What is the remainder when p is divided by 43?
40
Let j = -6 - -13. Let g be 26 - ((-2)/(-1) + -2). Let a = g + -7. Calculate the remainder when a is divided by j.
5
Let o(l) = l + 3. Suppose b = 5*b - 16. What is the remainder when o(b) is divided by 3?
1
Suppose 0*b + 10 = 2*b. What is the remainder when 8 is divided by b?
3
Let t(z) = 9*z**3 + z**2 - 6*z + 13. What is the remainder when t(2) is divided by 10?
7
Let y = -86 - -98. What is the remainder when 40 is divided by y?
4
Suppose -3*j - 9 = -6*j. Suppose j*s + 17 = 2*i - 2*s, -5*s - 20 = -5*i. What is the remainder when i is divided by 1?
0
Let g = 0 - 0. Suppose -3*q = -5*y - 44, g*y - y + 20 = 3*q. What is the remainder when (6/2)/(6/28) is divided by q?
6
Suppose -y - 3*p = -4, 3*p = 4*y + 2*p - 29. Suppose 1 = -z - y. What is the remainder when (10/z)/((-1)/28) is divided by 12?
11
Let u be -5*(4/(-10) - -1). Let h be u/2*(4 + -2). What is the remainder when (-8)/12 + (-41)/h is divided by 7?
6
Suppose 0 = -5*f - 3*b + 41, 3*f - 8*f - b + 37 = 0. What is the remainder when 19 is divided by f?
5
Let b(y) = 3*y**2 - 4*y - 10. What is the remainder when 131 is divided by b(5)?
41
Calculate the remainder when 41 is divided by 4 + -2 - (-9 - 3).
13
Let v(w) = w**3 + 6*w**2 - 2*w - 3. Suppose 30*c + 68 = 32*c. What is the remainder when c is divided by v(-6)?
7
Let f(x) = -x**2 + 18*x + 27. What is the remainder when f(14) is divided by 17?
15
Calculate the remainder when 65 is divided by 1725/161 - 4/(-14).
10
Let v(m) = -m**2 - 24*m + 32*m + 1 - 8. Suppose -10 = -z + 4*h, -4*z + h + 19 = 6*h. Calculate the remainder when 17 is divided by v(z).
2
Suppose -s + 19 = -21. Suppose a - 5*i + 6 = 2, -4*a + 2*i = -74. What is the remainder when s is divided by a?
19
Suppose -2*m - 70 = -5*n, -2*m - 44 = 2*n + 12. Let g = m + 48. Calculate the remainder when 223/9 - (-4)/g is divided by 7.
4
Let o be (-28)/(-16) + (-2)/(-8). Suppose 80 = 4*i - 4*c, o*i - 2*c + 3*c - 52 = 0. Calculate the remainder when i is divided by 9.
6
Let l(a) = -a**2 + 16*a - 14. Let j(r) = -r**2 - 8*r - 2. Let n be (-40)/7 + (-4)/14. Let i be j(n). Calculate the remainder when l(i) is divided by 16.
14
Let b = 86 + -3. Calculate the remainder when b is divided by 21.
20
Suppose j + 3 - 30 = 0. Suppose -12 = -2*d - 0*d - 4*p, 0 = -5*d + 3*p + 4. Suppose 0 = m + d*m - 30. Calculate the remainder when j is divided by m.
7
Suppose 2*s - s = 0. Suppose 5*w - 2*h - 31 = s, -2*w + 3 = 2*h - 1. Suppose w*z - 13 = 4*z. Calculate the remainder when z is divided by 7.
6
Let v(w) = 2*w**2 - 6*w + 1. Let t = -22 - -38. What is the remainder when t is divided by v(4)?
7
Let n = 6 + -4. Let h be 17 - (n + (-1)/1). Suppose 4*b = -0*b - h, 0 = 2*d + 5*b + 14. What is the remainder when 7 is divided by d?
1
Suppose -128 + 2 = -3*k. Suppose 4*m - 2*y = 3*y + 27, 5*m - 5*y = 40. Let j = -2 + m. What is the remainder when k is divided by j?
9
Let t = -44 - 131. What is the remainder when 43 is divided by t/(-15) - 4/6?
10
Suppose -4*f + 77 = -51. What is the remainder when f is divided by 17?
15
Suppose 4*f = f + 204. Let u = f + -31. What is the remainder when u is divided by 19?
18
Let f(a) = 3*a**2 - 1. Calculate the remainder when 29 is divided by f(2).
7
Let v = -84 - -140. Calculate the remainder when v is divided by 29.
27
Suppose 0*r + 11 = -g - 3*r, -41 = -4*g + 5*r. What is the remainder when (-2 + (1 - -2))*7 is divided by g?
3
Suppose -5*m + 21 = -4*m. Suppose -m = -4*z + 63. Calculate the remainder when z is divided by 8.
5
Suppose 5*g = 3*b - 193, -3*b - 2*g + 56 + 102 = 0. What is the remainder when b is divided by 19?
18
Let u(m) = m + 9. Calculate the remainder when 16 is divided by u(0).
7
Let s = 1 + 3. Suppose 0 = -h, -h + 136 = 4*y - s*h. Calculate the remainder when y is divided by 12.
10
Let o = -101 - -114. What is the remainder when 33 is divided by o?
7
Let i(k) = 2*k**2 + 3*k + 1. Let b be i(-2). Let g be (16/(-4) + 3)/(-1). Suppose 23 = b*l - g. What is the remainder when 22 is divided by l?
6
Let i = -61 - -67. What is the remainder when 21 is divided by i?
3
Let z = -2 - -4. Suppose 4 + 11 = 5*p - 4*f, 5*p - 15 = -z*f. Let v(o) = -o**3 + o**2 + 3*o + 2. Calculate the remainder when v(-2) is divided by p.
2
Suppose -7*g = -12*g + 495. Calculate the remainder when g is divided by 35.
29
Let q(z) = 3*z + 26. Calculate the remainder when q(14) is divided by 14.
12
Let x(h) = -1 + 2 - 1 - 2*h + 5. What is the remainder when x(-6) is divided by 9?
8
Suppose 15*o - 507 = 2*o. Calculate the remainder when 149 is divided by o.
32
Suppose 4 + 7 = d. Let x = 62 - 104. Let g = -21 - x. Calculate the remainder when g is divided by d.
10
Suppose -4*j - 6 = -18. Suppose j*t - 5*b - 19 = 0, 0*b - 20 = -5*b. What is the remainder when 25 is divided by t?
12
Let d(k) = -k**2 - 12*k + 6. What is the remainder when d(-9) is divided by 17?
16
What is the remainder when 77 is divided by (12/10)/(9/120 - 0)?
13
Suppose 0 = -3*w + 2*w - 6. Let r = 16 - w. Suppose -2*p + 4*p - r = 4*z, -5*p + 79 = -4*z. Calculate the remainder when p is divided by 10.
9
Let g = 107 - 54. Let p = g + -4. Calculate the remainder when p is divided by 13.
10
Suppose -9 + 2 = -p. Suppose -3*r - b + 6*b = -73, -3*r + 65 = -b. What is the remainder when (-2)/p + 1156/28 is divided by r?
20
Calculate the remainder when 43 is divided by 5 + -8 + (18 - -1*2).
9
Let q(x) = 2*x**2 - 2*x - 3. Suppose -34 = -r - 1. Let n = r - 8. Calculate the remainder when n is divided by q(-2).
7
Let y(b) = -2*b - 9. Let f = -48 + 31. Let z = f - -10. Calculate the remainder when 18 is divided by y(z).
3
Suppose 0 = -3*o - 3*u + 63, 4*o - 3*u - 79 = -8*u. Let g = o - 12. What is the remainder when ((-3)/(-6))/((-1)/(-50)) is divided by g?
11
Suppose 0 = -0*o - 2*o + 2. Let y(g) = 3*g. Let d be y(o). Suppose -v = -3*b + 37, 71 = 2*b + d*b + 3*v. Calculate the remainder when 24 is divided by b.
11
Suppose -3*w + 21 = 3. Let h(o) = 326*o + 2. Let t be h(3). Calculate the remainder when t/12 + 2/w is divided by 28.
26
Suppose -14 - 78 = -4*a. Suppose -2*q + a = -1. Calculate the remainder when 22 is divided by q.
10
What is the remainder when 2*28 - (-5 + 7) is divided by 11?
10
Suppose -3*q = -4*b - 1, 39 = -3*q - 5*b + 4. Let g(j) = j**2 + 4*j - 1. What is the remainder when 11 is divided by g(q)?
3
Let l(s) = 8*s**2 - s + 4. What is the remainder when l(-2) is divided by 8?
6
Let t(q) = -q**3 + 9*q**2 + 4*q - 2. Calculate the remainder when t(4) is divided by (-4)/14 + (-4068)/(-126).
30
Suppose -2*y = -27 + 1. Calculate the remainder when y is divided by 10 + 0 - (-2)/(-1).
5
Let j(w) = -w + 10. Let t(h) = 9*h**3 - h**2 - h + 1. Let k be t(1). What is the remainder when j(9) is divided by (-1)/(-5) + k/10?
0
Suppose 3*a - 221 - 235 = 0. What is the remainder when a is divided by 31?
28
Suppose -6 + 46 = 5*x. What is the remainder when 15 is divided by x?
7
Suppose -2*m + 2*l - 1 = -5, 4*m = -5*l + 8. Suppose 0 = -i + m + 2. Suppose 23 + 73 = i*v. Calculate the remainder when v is divided by 13.
11
Let g be -4 + -107 + 2 + -2. Let r = -56 - g. What is the remainder when r is divided by 28?
27
Suppose 0 = -42*g + 38*g + 44. Suppose -3*a = 4*u - 93, 27 = -5*a - 5*u + 182. Calculate the remainder when a is divided by g.
9
Let c(v) = 2*v**2 + 3*v - 5. What is the remainder when c(-3) is divided by 4?
0
Calculate the remainder when 57 is divided by ((-889)/(-35) - 4/10) + -4.
15
What is the remainder when 354/45 - (-4)/30 is divided by 3?
2
Let u = -42 + 193. Suppose -4*z + u - 27 = 0. What is the remainder when z is divided by 11?
9
Suppose 4*w - 120 = 16. Suppose 0 = 3*y - 38 - w. What is the remainder when y is divided by 13?
11
Let z(x) = x**2 + 2*x. Let u(s) = s**3 + 7*s**2 + 8*s + 6. Let n be u(-6). What is the remainder when z(n) is divided by 9?
6
Let f(s) = -55*s**3 + s**2 + s + 1. Calculate the remainder when f(-1) is divided by 30.
26
Calculate the remainder when 16 is divided by (1/3)/(1/18).
4
Suppose 0 = 5*x - q - 204, 5*x + q - 184 = -3*q. Calculate the remainder when 79 is divided by x.
39
Suppose 0*p - 4 = -2*p + 2*g, -3*g = p + 18. Let q(y) = -2*y**3 - 2*y**2 - 3*y - 7. Calculate the r